ided by 146?
4
What is the remainder when 337439 is divided by 380?
379
Calculate the remainder when 235 is divided by 127.
108
What is the remainder when 244531 is divided by 685?
671
What is the remainder when 6297 is divided by 6260?
37
Calculate the remainder when 490 is divided by 84.
70
What is the remainder when 35768 is divided by 675?
668
Calculate the remainder when 38820 is divided by 18.
12
What is the remainder when 11303 is divided by 1128?
23
What is the remainder when 1819 is divided by 376?
315
Calculate the remainder when 58296 is divided by 339.
327
Calculate the remainder when 447031 is divided by 74.
71
Calculate the remainder when 80010 is divided by 4.
2
Calculate the remainder when 30928 is divided by 2069.
1962
Calculate the remainder when 105606 is divided by 43.
41
What is the remainder when 47072 is divided by 23535?
2
What is the remainder when 19790 is divided by 55?
45
What is the remainder when 12105 is divided by 33?
27
What is the remainder when 9948 is divided by 2487?
0
Calculate the remainder when 13781 is divided by 6869.
43
Calculate the remainder when 603359 is divided by 573.
563
What is the remainder when 45445 is divided by 7574?
1
Calculate the remainder when 6326 is divided by 1579.
10
Calculate the remainder when 118722 is divided by 11.
10
Calculate the remainder when 1869 is divided by 24.
21
Calculate the remainder when 26165 is divided by 26160.
5
Calculate the remainder when 9581 is divided by 73.
18
Calculate the remainder when 3752 is divided by 318.
254
Calculate the remainder when 2004 is divided by 996.
12
Calculate the remainder when 130243 is divided by 35.
8
Calculate the remainder when 129027 is divided by 588.
255
Calculate the remainder when 1843 is divided by 7.
2
Calculate the remainder when 98935 is divided by 170.
165
Calculate the remainder when 7320 is divided by 1829.
4
Calculate the remainder when 126968 is divided by 63480.
8
Calculate the remainder when 149709 is divided by 1945.
1889
What is the remainder when 5684 is divided by 224?
84
What is the remainder when 7884 is divided by 441?
387
What is the remainder when 9538 is divided by 3111?
205
Calculate the remainder when 94282 is divided by 13466.
20
What is the remainder when 802265 is divided by 551?
9
Calculate the remainder when 64028 is divided by 87.
83
Calculate the remainder when 32892 is divided by 32879.
13
Calculate the remainder when 3771580 is divided by 119.
113
Calculate the remainder when 1452 is divided by 20.
12
Calculate the remainder when 1728 is divided by 146.
122
Calculate the remainder when 46505 is divided by 138.
137
Calculate the remainder when 129401 is divided by 78.
77
Calculate the remainder when 103677 is divided by 480.
477
What is the remainder when 487065 is divided by 145?
10
What is the remainder when 2524 is divided by 168?
4
What is the remainder when 3472 is divided by 175?
147
What is the remainder when 2057 is divided by 65?
42
What is the remainder when 278550 is divided by 7958?
20
Calculate the remainder when 5687 is divided by 2732.
223
What is the remainder when 71289 is divided by 6?
3
What is the remainder when 6984 is divided by 2327?
3
Calculate the remainder when 186354 is divided by 235.
234
Calculate the remainder when 2553 is divided by 30.
3
Calculate the remainder when 1332 is divided by 65.
32
What is the remainder when 641777 is divided by 20?
17
Calculate the remainder when 42502 is divided by 161.
159
What is the remainder when 142560 is divided by 1927?
1889
Calculate the remainder when 8636 is divided by 144.
140
What is the remainder when 496874 is divided by 55?
4
What is the remainder when 2722 is divided by 60?
22
Calculate the remainder when 5234634 is divided by 439.
437
Calculate the remainder when 502496 is divided by 60.
56
Calculate the remainder when 88889 is divided by 115.
109
What is the remainder when 6513 is divided by 53?
47
What is the remainder when 7267 is divided by 2058?
1093
Calculate the remainder when 10568 is divided by 20.
8
Calculate the remainder when 2334 is divided by 676.
306
Calculate the remainder when 237625 is divided by 6789.
10
Calculate the remainder when 20421 is divided by 132.
93
Calculate the remainder when 25534 is divided by 5092.
74
What is the remainder when 16018 is divided by 8000?
18
What is the remainder when 9710 is divided by 1497?
728
Calculate the remainder when 231080 is divided by 947.
12
Calculate the remainder when 16256 is divided by 2026.
48
What is the remainder when 749249 is divided by 1110?
1109
Calculate the remainder when 144 is divided by 70.
4
What is the remainder when 2584 is divided by 435?
409
What is the remainder when 8359 is divided by 124?
51
What is the remainder when 2068 is divided by 44?
0
Calculate the remainder when 11204 is divided by 26.
24
What is the remainder when 17687 is divided by 268?
267
What is the remainder when 77837 is divided by 8?
5
What is the remainder when 24214 is divided by 37?
16
What is the remainder when 10286 is divided by 112?
94
Calculate the remainder when 18656 is divided by 583.
0
Calculate the remainder when 1016 is divided by 354.
308
Calculate the remainder when 19291 is divided by 3214.
7
What is the remainder when 2161 is divided by 719?
4
What is the remainder when 784 is divided by 207?
163
What is the remainder when 6611 is divided by 205?
51
What is the remainder when 139849 is divided by 286?
281
What is the remainder when 24948 is divided by 155?
148
Calculate the remainder when 10563 is divided by 2112.
3
Calculate the remainder when 2507 is divided by 493.
42
What is the remainder when 36914 is divided by 26?
20
Calculate the remainder when 136412 is divided by 34101.
8
Calculate the remainder when 79177 is divided by 37.
34
Calculate the remainder when 24716 is divided by 12.
8
Calculate the remainder when 47376 is divided by 15784.
24
What is the remainder when 1084664 is divided by 818?
814
Calculate the remainder when 26560 is divided by 229.
225
What is the remainder when 28195 is divided by 2551?
134
What is the remainder when 32694 is divided by 817?
14
Calculate the remainder when 9650 is divided by 438.
14
What is the remainder when 36861 is divided by 23?
15
What is the remainder when 803708 is divided by 526?
506
Calculate the remainder when 3885 is divided by 3873.
12
What is the remainder when 16190 is divided by 201?
110
Calculate the remainder when 24489 is divided by 325.
114
What is the remainder when 1966 is divided by 33?
19
Calculate the remainder when 222450 is divided by 55612.
2
Calculate the remainder when 843 is divided by 171.
159
What is the remainder when 309921 is divided by 23?
19
What is the remainder when 63905 is divided by 25?
5
What is the remainder when 898 is divided by 64?
2
Calculate the remainder when 2697 is divided by 16.
9
What is the remainder when 159474 is divided by 53?
50
What is the remainder when 720383 is divided by 42?
41
Calculate the remainder when 621035 is divided by 56.
51
Calculate the remainder when 9754 is divided by 4867.
20
What is the remainder when 80092 is divided by 70?
12
What is the remainder when 3536 is divided by 873?
44
Calculate the remainder when 149984 is divided by 32.
0
What is the remainder when 12292 is divided by 1618?
966
Calculate the remainder when 16657 is divided by 40.
17
What is the remainder when 13730 is divided by 8?
2
Calculate the remainder when 4601 is divided by 4491.
110
What is the remainder when 4494 is divided by 74?
54
What is the remainder when 2376 is divided by 2371?
5
Calculate the remainder when 2967 is divided by 251.
206
What is the remainder when 296542 is divided by 12?
10
Calculate the remainder when 12224 is divided by 3841.
701
Calculate the remainder when 539275 is divided by 1774.
1753
Calculate the remainder when 631 is divided by 53.
48
What is the remainder when 150177 is divided by 21452?
13
What is the remainder when 5979 is divided by 616?
435
What is the remainder when 430936 is divided by 145?
141
Calculate the remainder when 169112 is divided by 174.
158
What is the remainder when 16315 is divided by 160?
155
What is the remainder when 48761 is divided by 42?
41
What is the remainder when 1556 is divided by 4